mmon divisor of t and 4?
2
Let s be 9/(-36) + (-154)/(-8). Suppose 56 = 3*k - s. Calculate the greatest common divisor of k and 5.
5
Suppose -9*b = -3*b - 312. What is the highest common divisor of 13 and b?
13
Let j be (10/4)/((-2)/(-4)). What is the highest common factor of 55 and j?
5
Suppose 11 + 5 = 4*r. Let i be (r/(-6))/((-14)/189). What is the highest common divisor of i and 27?
9
Let w = 8 + 8. Let v = -7 + w. Calculate the highest common factor of 9 and v.
9
Suppose 14 = -2*w + 3*w. Let c(d) = d**3 + 6*d**2 - 4. Let l be c(-5). Calculate the highest common factor of w and l.
7
Let n be (1 - 1336/(-24))*(1 - -2). What is the highest common factor of n and 68?
34
Suppose 0 = -s + 3*s + 124. Let b = s + 112. Calculate the highest common factor of 20 and b.
10
Suppose 8 + 3 = m. Suppose -64 = -2*w + 24. What is the greatest common divisor of m and w?
11
Let d(n) = n**2 - 8*n + 15. Let a be d(11). Suppose h + h = -a. Let u be 9/2*h/(-9). Calculate the highest common factor of u and 3.
3
Suppose 2*f - 3*q + 7 = 0, -f - 3*q + 9 = -1. Let g be (-7 + f)*2/3. Let k = -1 - g. What is the greatest common divisor of k and 1?
1
Suppose -a + 6 = 11. Let j be (3 - (-18)/(-3))*a. Calculate the greatest common factor of 5 and j.
5
Let q(v) = -4*v - 10. Let a be q(9). Let b = a + 64. What is the highest common factor of 36 and b?
18
Suppose -7*q + 2*q = -10. Let d(k) = -k**2 + 8*k - 1. Let r be d(7). Calculate the greatest common factor of q and r.
2
Suppose m - 316 = -3*q, q = -2*m + 59 + 48. Calculate the greatest common divisor of q and 35.
35
Let s(l) = 53*l**3 + l**2. Suppose -2 = -5*z + 3. Let f be s(z). Let t(d) = 2*d**2 + 1. Let p be t(-2). What is the greatest common divisor of f and p?
9
Suppose -72 = -5*w - 27. Suppose q - 498 = -5*z, -2*q = 5*z - 16 - 485. Calculate the highest common divisor of z and w.
9
Let a(b) = 2*b**2 - 32. Let r be a(-16). What is the highest common factor of r and 60?
60
Let v be ((-4)/2)/((-10)/575). Let n = 11 + v. What is the highest common factor of 14 and n?
14
Suppose -5*w = -5*a + 140, 0 = -5*a - 2*w + 53 + 66. What is the highest common divisor of 125 and a?
25
Suppose -t = 3*f + 3 - 34, 0 = 2*f - 6. What is the highest common divisor of t and 154?
22
Suppose -5*s + 5 = -1205. Calculate the highest common factor of 11 and s.
11
Let o(m) be the second derivative of 7*m**4/12 + m**3/6 - m**2/2 - m. Let y be o(3). Suppose 3 + 23 = 2*k. Calculate the greatest common divisor of y and k.
13
Suppose 5*t = -0*t + 595. Calculate the greatest common factor of 7 and t.
7
Let y be 30/5*80/6. Suppose -4*t = -y - 28. Calculate the greatest common divisor of 18 and t.
9
Let u(z) = 2*z**3 + 5*z**2 + z - 4. Let g be u(-3). Let r = 9 + g. Let p be (-3)/(3/r) - 1. What is the greatest common divisor of p and 30?
6
Let i(q) = -q**2 + 40. Let w be i(0). Suppose -3*j - 3*z = -18, -2*z - 2*z - 75 = -5*j. Suppose -2*t = 1 - j. Calculate the greatest common factor of t and w.
5
Let c(h) = h**2 - 5. Let m be c(7). What is the highest common factor of m and 11?
11
Suppose -4*k = k - 455. Let i be (-2 - 14) + (-2)/(-2). Let g = i - -28. Calculate the highest common divisor of g and k.
13
Suppose -3*b + 305 = 5*x + 2*b, -3*x = -2*b - 193. Calculate the greatest common divisor of x and 9.
9
Let w = 8 - 4. Suppose -5 = -w*p + 19. Let f be 30*2*8/p. What is the greatest common factor of f and 10?
10
Let s = 0 + 4. What is the highest common divisor of s and 24?
4
Let m = 10 - 16. Let a = 12 - m. What is the greatest common factor of a and 2?
2
Let s(h) = h - 2. Let w be s(9). Calculate the greatest common divisor of 14 and w.
7
Let d = -1 - -6. Suppose -2*u + 0*a = 3*a - 13, 0 = 5*u + d*a - 25. Suppose 0 = k + u*k - 54. Calculate the greatest common divisor of k and 27.
9
Let b(q) = -2*q + 3. Let l be b(-7). What is the highest common factor of l and 17?
17
Let o be (-100)/2*(-3)/2. Suppose u + o = 4*u. Calculate the greatest common divisor of u and 10.
5
Let t = 28 - 4. Calculate the highest common factor of t and 16.
8
Let i be 6*(24/9 + -3). Suppose -3*o + 4*x + 14 = 0, 8*o - 5*o = 5*x + 13. Let a = i + o. What is the highest common divisor of a and 32?
4
Let j(c) = 3*c + 3. Let g be j(-4). Let d = g + 17. Let u = 23 + -21. What is the greatest common divisor of u and d?
2
Let p = -113 - -245. Suppose 4*v - 5*m = 14, 0 = 5*v - 4*m - 23 + 1. Let a = v - -6. What is the greatest common divisor of p and a?
12
Suppose 0 = -t - 3*r - 3, r - 4 = 2*t - 12. Suppose -t*w = w - 532. What is the greatest common divisor of w and 19?
19
Suppose 0 = m - 2*j + 2, -3*m - 2*j + 2 = -24. Let l = -75 + 135. What is the greatest common factor of l and m?
6
Let k be (-3 + -1)*(-76)/16. Suppose f = 5*u - 148 - 708, 3*u - 2*f = 515. Calculate the greatest common divisor of u and k.
19
Suppose -5*j + 1132 = 3*c, 4*j - 908 = -3*c - 0*c. Suppose -4*k = 4*n - j, 3*k = -n - 0*n + 56. Calculate the highest common divisor of n and 7.
7
Let s(t) = 40*t**2 + 2*t + 1. Let b be s(-1). Let j = 78 - b. Suppose 26 = 5*i - j. Calculate the highest common factor of 13 and i.
13
Let t = 325 + -180. Calculate the greatest common factor of 29 and t.
29
Let y be ((-14)/4)/(15/(-30)). Suppose -2*d + y*d - 120 = 0. Suppose -i + 118 = t, -4*i - 5*t = -121 - 349. What is the greatest common factor of d and i?
24
Let w(d) = -6*d - 2. Let z be w(-3). Suppose -3*c - 19 = -76. Let y = 43 - c. What is the greatest common divisor of y and z?
8
Suppose k - 18 - 6 = 0. Let t(p) = -7*p - 13. Let c(n) = 3*n + 6. Let z(v) = 9*c(v) + 4*t(v). Let m be z(-4). Calculate the highest common factor of k and m.
6
Suppose -50 = -2*c + y, 10*c + 5*y = 5*c + 110. Suppose 2*r = -2*r - c. Let j be 2*-1 + (-72)/r. Calculate the highest common factor of 10 and j.
10
Let u be (-26)/(-12) + (-3)/18. Suppose 0 = -u*d - 3*d. Suppose -3*n + 6*n - 15 = 0, 2*l + n - 35 = d. Calculate the highest common divisor of 135 and l.
15
Let b = 223 + -133. Calculate the greatest common divisor of 18 and b.
18
Suppose 4*v - 1 = 3*q - 55, 2*q - 5*v = 43. What is the highest common divisor of q and 14?
14
Suppose -4*m + 3*c + 1 = 0, 4*m + 4*c = 3 + 33. Suppose -3*w + 12 = -m*w. Let a = 19 + w. Calculate the greatest common factor of a and 49.
7
Let i = -8 - -24. Let a = 5 + -1. What is the greatest common factor of a and i?
4
Let i(z) = z**3 - 13*z**2 + 2*z + 10. Let r be i(13). What is the highest common factor of 18 and r?
18
Suppose -4*f - 68 = -4*u, -2*f = 3*u - 8*u + 25. Let c = f - -62. Calculate the highest common factor of 28 and c.
14
Let n = 4 - 0. Suppose 0*f + f - 3*c + 4 = 0, 5*f = -n*c + 18. Suppose -5*j - q = -45, j + f*q = -j + 10. What is the highest common divisor of 110 and j?
10
Let i = 17 - 12. Suppose 3*n + 15 = 0, -2*j + i*n = -5*j - 13. Let d be 3*-1*(-64)/6. What is the greatest common factor of d and j?
4
Suppose -4*g - 2 = 10. Let w be (2/g)/((-1)/(-3)). Let h be w/(-7) - (-164)/14. Calculate the highest common factor of h and 96.
12
Let p = -141 - -261. Let h be ((-2)/4)/((-4)/p). What is the highest common divisor of 165 and h?
15
Let x = -30 - -38. Let k(n) = 2*n**2 + 2*n. Let z be k(3). Calculate the greatest common divisor of x and z.
8
Suppose -4*z - 14 = -38. Suppose -i + z*i - 40 = 0. Calculate the greatest common divisor of 64 and i.
8
Let c be (-1)/4 - (-34)/8. Suppose -7*p - 27 = -c*p. Let r = 15 + p. Calculate the greatest common divisor of 42 and r.
6
Suppose -3*a + 33 = 2*d, 5*d + 2*a - 30 = 5*a. Let z be (-54)/(-8)*(-1 - -5). What is the greatest common divisor of d and z?
9
Let i(l) = 4*l**2 + l - 3. Let h be i(-6). Suppose 53 = p - 1. What is the highest common factor of p and h?
27
Let z(l) = -l**2 + 4*l + 2. Let t be z(-7). Let h be 2*1 + t/(-5). Calculate the highest common factor of 153 and h.
17
Let w = -1 - 7. Let i = w + 24. Calculate the greatest common divisor of i and 144.
16
Suppose -3*w + 5 + 4 = 0. Suppose -p + 11 = -w*u - 0*p, 4*u - 3*p + 23 = 0. Let d be (-102)/(-14) + u/7. Calculate the greatest common divisor of d and 21.
7
Suppose 2 = 3*z - 1, 5*y - z - 9 = 0. Let h be 397/y + 2/(-4). What is the highest common factor of h and 18?
18
Suppose -5*b - 4*i + 11 = -7, 2*i = 4*b - 30. Suppose -11 = 5*h + 39. Let k = -4 - h. Calculate the highest common factor of b and